018?
9
What is the tens digit of 42486?
8
What is the units digit of 1203?
3
What is the tens digit of 4163?
6
What is the tens digit of 668?
6
What is the hundreds digit of 791?
7
What is the thousands digit of 37802?
7
What is the ten thousands digit of 100980?
0
What is the units digit of 15100?
0
What is the hundreds digit of 228?
2
What is the tens digit of 17794?
9
What is the units digit of 2133?
3
What is the hundreds digit of 575?
5
What is the units digit of 2715?
5
What is the thousands digit of 1186?
1
What is the units digit of 2557?
7
What is the hundreds digit of 56984?
9
What is the thousands digit of 4213?
4
What is the units digit of 556?
6
What is the tens digit of 2024?
2
What is the hundreds digit of 2278?
2
What is the tens digit of 1054?
5
What is the tens digit of 531?
3
What is the units digit of 3537?
7
What is the hundreds digit of 699?
6
What is the units digit of 4145?
5
What is the tens digit of 4991?
9
What is the units digit of 163336?
6
What is the tens digit of 818?
1
What is the units digit of 27694?
4
What is the ten thousands digit of 27264?
2
What is the hundreds digit of 5935?
9
What is the hundreds digit of 15281?
2
What is the units digit of 52?
2
What is the ten thousands digit of 98099?
9
What is the units digit of 21326?
6
What is the tens digit of 1423?
2
What is the thousands digit of 8542?
8
What is the units digit of 11940?
0
What is the hundreds digit of 16099?
0
What is the ten thousands digit of 25809?
2
What is the hundreds digit of 1966?
9
What is the units digit of 108133?
3
What is the units digit of 32132?
2
What is the thousands digit of 4083?
4
What is the ten thousands digit of 30646?
3
What is the units digit of 768?
8
What is the units digit of 1825?
5
What is the thousands digit of 70906?
0
What is the tens digit of 151861?
6
What is the hundreds digit of 19153?
1
What is the thousands digit of 7440?
7
What is the hundreds digit of 1287?
2
What is the thousands digit of 42266?
2
What is the hundreds digit of 20318?
3
What is the units digit of 5425?
5
What is the ten thousands digit of 35788?
3
What is the thousands digit of 1047?
1
What is the tens digit of 1591?
9
What is the thousands digit of 2024?
2
What is the tens digit of 4913?
1
What is the thousands digit of 1357?
1
What is the thousands digit of 35763?
5
What is the thousands digit of 50235?
0
What is the units digit of 774?
4
What is the thousands digit of 31408?
1
What is the hundreds digit of 1103?
1
What is the hundreds digit of 634?
6
What is the hundreds digit of 3721?
7
What is the thousands digit of 13418?
3
What is the units digit of 256?
6
What is the tens digit of 38198?
9
What is the hundreds digit of 5199?
1
What is the hundreds digit of 42016?
0
What is the tens digit of 817?
1
What is the units digit of 7305?
5
What is the units digit of 5209?
9
What is the hundreds digit of 8846?
8
What is the tens digit of 2005?
0
What is the units digit of 470?
0
What is the units digit of 538?
8
What is the hundreds digit of 1347?
3
What is the ten thousands digit of 22121?
2
What is the thousands digit of 4018?
4
What is the hundreds digit of 2598?
5
What is the thousands digit of 6759?
6
What is the tens digit of 7979?
7
What is the thousands digit of 10318?
0
What is the units digit of 2094?
4
What is the tens digit of 4561?
6
What is the tens digit of 987?
8
What is the ten thousands digit of 54755?
5
What is the tens digit of 4137?
3
What is the ten thousands digit of 16242?
1
What is the units digit of 1282?
2
What is the tens digit of 2088?
8
What is the tens digit of 596?
9
What is the tens digit of 1520?
2
What is the tens digit of 5409?
0
What is the hundreds digit of 2698?
6
What is the thousands digit of 10928?
0
What is the hundreds digit of 11784?
7
What is the tens digit of 6093?
9
What is the hundreds digit of 9858?
8
What is the ten thousands digit of 24821?
2
What is the thousands digit of 6067?
6
What is the ten thousands digit of 34114?
3
What is the tens digit of 10970?
7
What is the units digit of 93?
3
What is the tens digit of 10646?
4
What is the tens digit of 33407?
0
What is the units digit of 344?
4
What is the tens digit of 9805?
0
What is the tens digit of 9840?
4
What is the thousands digit of 32044?
2
What is the hundreds digit of 2124?
1
What is the tens digit of 966?
6
What is the tens digit of 1238?
3
What is the hundreds digit of 225?
2
What is the units digit of 11240?
0
What is the ten thousands digit of 95038?
9
What is the hundreds digit of 369?
3
What is the units digit of 6975?
5
What is the tens digit of 2878?
7
What is the hundreds digit of 7253?
2
What is the ten thousands digit of 10048?
1
What is the thousands digit of 7820?
7
What is the hundreds digit of 3243?
2
What is the tens digit of 14746?
4
What is the hundreds digit of 4319?
3
What is the hundreds digit of 12748?
7
What is the ten thousands digit of 15083?
1
What is the thousands digit of 38897?
8
What is the hundreds digit of 118105?
1
What is the hundreds digit of 2069?
0
What is the tens digit of 1576?
7
What is the units digit of 18863?
3
What is the tens digit of 66125?
2
What is the hundreds digit of 84140?
1
What is the tens digit of 1449?
4
What is the tens digit of 10463?
6
What is the tens digit of 28?
2
What is the units digit of 23781?
1
What is the thousands digit of 16586?
6
What is the hundreds digit of 1853?
8
What is the tens digit of 64094?
9
What is the ten thousands digit of 18325?
1
What is the hundreds digit of 40552?
5
What is the hundreds digit of 3811?
8
What is the tens digit of 33401?
0
What is the hundreds digit of 2839?
8
What is the hundreds digit of 988?
9
What is the hundreds digit of 361?
3
What is the tens digit of 2456?
5
What is the hundreds digit of 55200?
2
What is the tens digit of 1189?
8
What is the tens digit of 37598?
9
What is the hundreds digit of 1034?
0
What is the hundreds digit of 40424?
4
What is the thousands digit of 55691?
5
What is the tens digit of 875?
7
What is the units digit of 4811?
1
What is the units digit of 996?
6
What is the units digit of 383?
3
What is the units digit of 1981?
1
What is the units digit of 296?
6
What is the units digit of 10651?
1
What is the tens digit of 309?
0
What is the hundreds digit of 867?
8
What is the units digit of 17236?
6
What is the hundreds digit of 53977?
9
What is the units digit of 123?
3
What is the units digit of 80940?
0
What is the tens digit of 236?
3
What is the tens digit of 2400?
0
What is the units digit of 4275?
5
What is the units digit of 1217?
7
What is the hundreds digit of 73021?
0
What is the thousands digit of 1433?
1
What is the hundreds digit of 11701?
7
What is the thousands digit of 5092?
5
What is the hundreds digit of 89687?
6
What is the units digit of 538?
8
What is the ten thousands digit of 22685?
2
What is the tens digit of 31455?
5
What is the ten thousands digit of 50679?
5
What is the tens digit of 19530?
3
What is the ten thousands digit of 18286?
1
What is the hundreds digit of 313?
3
What is the hundreds digit of 7771?
7
What is the hundreds digit of 54195?
1
What is the thousands digit of 72044?
2
What is the units digit of 586?
6
What is the ten thousands digit of 13056?
1
What is the tens digit of 2004?
0
What is the hundreds digit of 2090?
0
What is the tens digit of 1852?
5
What is the units digit of 908?
8
What is the hundreds digit of 1476?
4
What is the units digit of 585?
5
What is the thousands digit of 9630?
9
What is the units digit of 82438?
8
What is the tens digit of 1440?
4
What is the units digit of 5747?
7
What is the units digit of 155?
5
What is the hundreds digit of 24196?
1
What is the units digit of 7091?
1
What is the tens digit of 1721?
2
What is the units digit of 824?
4
What is the hundreds digit of 443?
4
What is the thousands digit of 4158?
4
What is the tens digit of 2516?
1
What is the tens digit of 8629?
2
What is the units digit of 19429?
9
What is the thousands digit of 2101?
2
What is the ten thousands digit of 57097?
5
What is the units digit of 46?
6
What is the units digit of 38978?
8
What is the hundreds digit of 892?
8
What is the units digit of 8904?
4
What is the units digit of 82059?
9
What is the tens digit of 40686?
8
What is the un